{"id":6,"date":"2023-01-04T00:41:48","date_gmt":"2023-01-03T23:41:48","guid":{"rendered":"https:\/\/a-reta.org\/index.php\/mesmerize-pro\/"},"modified":"2023-10-21T19:16:15","modified_gmt":"2023-10-21T17:16:15","slug":"mesmerize-pro","status":"publish","type":"page","link":"https:\/\/a-reta.org\/","title":{"rendered":"Accueil"},"content":{"rendered":"<div  id=\"qui\" style=\"background-color: rgba(0, 0, 0, 0); background-image: none; background-size: cover; background-position: center top;\" data-label=\"QUI\" data-id=\"overlappable-4\" data-export-id=\"overlappable-4\" data-category=\"overlappable\" class=\"overlappable-4 content-section content-section-spacing content-relative\" data-overlap=\"true\" data-section-ov=\"1\"><div  class=\"gridContainer\"> <div  data-type=\"row\" class=\"row spaced-cols text-center\"><div  class=\"col-xs-12 col-sm-4 col-padding col-md-3 \"> <i  class=\"fa icon shadow-large-black aligncenter fa-question reverse round color1\"><\/i> <div  data-type=\"column\" class=\"\"> <h5  class=\"\" data-lt-tmp-id=\"lt-493932\" data-gramm=\"false\">QUI SOMMES-NOUS\u202f?<\/h5> <\/div> <\/div>  <div  class=\"col-xs-12 col-sm-4 col-padding col-md-3\"> <a data-cp-link=\"1\" href=\"https:\/\/a-reta.org\/index.php\/la-charte\" target=\"_self\" rel=\"noopener\"><i  class=\"fa icon shadow-large-black aligncenter fa-file-text reverse round color1\"><\/i><\/a> <div  data-type=\"column\" class=\"\"> <lt-highlighter contenteditable=\"false\" style=\"display: none;\" data-lt-linked=\"1\" ><lt-div spellcheck=\"false\" class=\"lt-highlighter__wrapper\" style=\"width: 244px !important; height: 24px !important; transform: none !important; transform-origin: 122px 12px 0px !important;\" ><lt-div class=\"lt-highlighter__scroll-element\" style=\"top: 0px !important; left: 0px !important; width: 244px !important; height: 24px !important;\" ><\/lt-div><\/lt-div><\/lt-highlighter><h5  class=\"\" data-lt-tmp-id=\"lt-711699\" data-gramm=\"false\"><a data-mce-href=\"index.php\/la-charte\/\" href=\"index.php\/la-charte\" target=\"_self\" data-mce-selected=\"inline-boundary\" data-cp-link=\"1\" rel=\"noopener\">LA CHARTE<\/a><\/h5> <\/div> <\/div><div  class=\"col-xs-12 col-sm-4 col-padding col-md-3 \"> <a data-cp-link=\"1\" href=\"https:\/\/framagenda.org\/apps\/calendar\/p\/nHqtZXfm2m8TfbM7\" target=\"_self\" rel=\"noopener\"><i  class=\"fa icon shadow-large-black aligncenter fa-calendar reverse round color1\"><\/i><\/a> <div  data-type=\"column\" class=\"\"> <h5  class=\"\" data-lt-tmp-id=\"lt-170547\" data-gramm=\"false\"><a data-mce-href=\"https:\/\/framagenda.org\/apps\/calendar\/p\/nHqtZXfm2m8TfbM7\" href=\"https:\/\/framagenda.org\/apps\/calendar\/p\/nHqtZXfm2m8TfbM7\" target=\"_self\" data-mce-selected=\"inline-boundary\" data-cp-link=\"1\" rel=\"noopener\">ATELIERS ET FORMATIONS<\/a><\/h5> <\/div> <\/div><div  class=\"col-xs-12 col-sm-4 col-padding col-md-3 \"> <a data-cp-link=\"1\" href=\"https:\/\/a-reta.org\/index.php\/contact\" target=\"_self\" rel=\"noopener\"><i  class=\"fa icon shadow-large-black aligncenter fa-group reverse round color1\"><\/i><\/a> <div  data-type=\"column\" class=\"\"><h5  class=\"\" data-lt-tmp-id=\"lt-609586\" data-gramm=\"false\"><a data-mce-href=\"index.php\/contact\/\" href=\"https:\/\/a-reta.org\/index.php\/contact\" target=\"_self\" data-mce-selected=\"inline-boundary\" data-cp-link=\"1\" rel=\"noopener\">\ufeffREJOIGNEZ-NOUS<\/a><\/h5> <\/div> <\/div><\/div> <\/div><div  class=\"section-separator-bottom\">\n    <svg  class=\"section-separator-bottom\" data-separator-name=\"triangle-asymmetrical-negative\" preserveAspectRatio=\"none\" viewBox=\"0 0 1000 100\" xmlns=\"http:\/\/www.w3.org\/2000\/svg\">\n        <path  class=\"svg-white-bg\" d=\"M737.9,94.7L0,0v100h1000V0L737.9,94.7z\"><\/path>\n    <\/svg>\n<\/div><\/div><div  data-label=\"RESEAU\" data-id=\"overlappable--1\" data-export-id=\"overlappable-6\" data-category=\"overlappable\" class=\"overlappable-6 content-section content-section-spacing content-relative\" data-overlap=\"true\" id=\"reseau\" style=\"background-color: rgb(255, 255, 255); background-image: none; background-size: cover; background-position: center top;\" data-section-ov=\"1\"><div  class=\"gridContainer\"> <div  data-type=\"row\" class=\"row shadow-medium\"><div  class=\"col-xs-12 col-sm-4 col-padding-small col-padding-small-xs white-text bg-color1 col-md-3 \"> <div  class=\"row middle-xs\"><div  class=\"col-xs-12 col-sm-fit space-bottom-small-xs\"> <a data-cp-link=\"1\" href=\"https:\/\/anchor.fm\/areta-obarbaria\" target=\"_blank\" rel=\"noopener\" class=\"\"><i  class=\"fa icon fa-podcast bordered round color-white\"><\/i><\/a><\/div> <div  data-type=\"column\" class=\"col-xs-12 col-sm\"><h4  class=\"\" data-lt-tmp-id=\"lt-531680\" data-gramm=\"false\"><a data-mce-href=\"https:\/\/anchor.fm\/areta-obarbaria\" href=\"https:\/\/anchor.fm\/areta-obarbaria\" target=\"_self\" data-mce-selected=\"inline-boundary\" data-cp-link=\"1\" rel=\"noopener\" class=\"\">\ufeffNOS PODCASTS<\/a><\/h4> <\/div> <\/div><\/div> <div  class=\"col-xs-12 col-sm-4 col-padding-small col-padding-small-xs white-text bg-color1 col-md-3 \"><div  class=\"row middle-xs\"> <div  class=\"col-xs-12 col-sm-fit space-bottom-small-xs\"><a data-cp-link=\"1\" href=\"https:\/\/www.facebook.com\/sucialisimuObarbaria\" target=\"_blank\" rel=\"noopener\" class=\"\"><i  class=\"fa icon fa-facebook-square bordered round color-white\"><\/i><\/a><\/div> <div  data-type=\"column\" class=\"col-xs-12 col-sm\"><h4  class=\"\" data-lt-tmp-id=\"lt-194117\" data-gramm=\"false\"><a data-mce-href=\"https:\/\/www.facebook.com\/sucialisimuObarbaria\/\" href=\"https:\/\/www.facebook.com\/sucialisimuObarbaria\" target=\"_blank\" rel=\"noopener\" data-mce-selected=\"inline-boundary\" data-cp-link=\"1\" class=\"\">FACEBOOK<\/a><\/h4> <\/div> <\/div><\/div> <div  class=\"col-xs-12 col-sm-4 col-padding-small col-padding-small-xs white-text bg-color1 col-md-3 \"><div  class=\"row middle-xs\"> <div  class=\"col-xs-12 col-sm-fit space-bottom-small-xs\"><a data-cp-link=\"1\" href=\"https:\/\/www.instagram.com\/sucialisimuobarbaria\" target=\"_blank\" rel=\"noopener\" class=\"\"><i  class=\"fa icon fa-instagram bordered round color-white\"><\/i><\/a><\/div> <div  data-type=\"column\" class=\"col-xs-12 col-sm\"><h4  class=\"\" data-lt-tmp-id=\"lt-258652\" data-gramm=\"false\"><a data-mce-href=\"https:\/\/www.instagram.com\/sucialisimuobarbaria\/\" href=\"https:\/\/www.instagram.com\/sucialisimuobarbaria\" target=\"_blank\" rel=\"noopener\" data-mce-selected=\"inline-boundary\" data-cp-link=\"1\" class=\"\">INSTAGRAM<\/a>&nbsp;<\/h4> <\/div> <\/div><\/div> <div  class=\"col-xs-12 col-sm-4 col-padding-small col-padding-small-xs white-text bg-color1 col-md-3 \"> <div  class=\"row middle-xs\"><div  class=\"col-xs-12 col-sm-fit space-bottom-small-xs\"> <a data-cp-link=\"1\" href=\"https:\/\/www.youtube.com\/@a-reta\" target=\"_self\" rel=\"noopener\" class=\"\"><i  class=\"fa icon fa-youtube bordered round color-white\"><\/i><\/a><\/div> <div  data-type=\"column\" class=\"col-xs-12 col-sm\"><h4  class=\"\" data-lt-tmp-id=\"lt-428693\" data-gramm=\"false\"><a data-mce-href=\"https:\/\/www.youtube.com\/@a-reta\" href=\"https:\/\/www.youtube.com\/@a-reta\" target=\"_self\" data-mce-selected=\"inline-boundary\" data-cp-link=\"1\" rel=\"noopener\" class=\"\">YOUTUBE<\/a><span  id=\"_mce_caret\" data-mce-bogus=\"1\" data-mce-type=\"format-caret\">\ufeff<\/span><\/h4> <\/div> <\/div><\/div><\/div><\/div> <\/div><div  data-label=\"Latest-news\" data-id=\"latest_news--1\" data-export-id=\"blog-section\" data-category=\"latest_news\" class=\"blog-section blog-section-standard content-section content-section-spacing section-title-col-white-text content-relative\" id=\"latest_news-1\" style=\"background-color: rgb(0, 0, 0); background-image: none;\" data-section-ov=\"1\"><div  class=\"gridContainer\"><div  data-section-title-area=\"true\" class=\"row text-center\">   <div  class=\"section-title-col\" data-type=\"column\">       <h2  class=\"\" data-lt-tmp-id=\"lt-581595\" data-gramm=\"false\">Les Derniers Billets et Actus<\/h2>          <\/div><\/div>  <div  class=\"row\"> <div  data-type=\"row\" data-dynamic-columns=\"handled\" data-content-shortcode=\"mesmerize_latest_news posts=&quot;8&quot; columns=&quot;3&quot; \">\t\t<div class=\"row center-sm content-left-sm\">\n\t\t\t\t\t<div id=\"post-616\" class=\"col-sm-6 col-md-3 space-bottom space-bottom-xs\">\n\t\t\t\t<div class=\"post-content card y-move bordered\">\n\t\t\t\t\t<div class=\"post-thumbnail\">\n   <a href=\"https:\/\/a-reta.org\/index.php\/2025\/06\/10\/rassemblement-bastia-10-juin-a-20-h-prefecture\/\" class=\"post-list-item-thumb \">\n      <img loading=\"lazy\" decoding=\"async\" width=\"750\" height=\"673\" src=\"https:\/\/a-reta.org\/wp-content\/uploads\/2025\/06\/signal-2025-06-10-090728.jpeg\" class=\"attachment-post-thumbnail size-post-thumbnail wp-post-image\" alt=\"\" srcset=\"https:\/\/a-reta.org\/wp-content\/uploads\/2025\/06\/signal-2025-06-10-090728.jpeg 750w, https:\/\/a-reta.org\/wp-content\/uploads\/2025\/06\/signal-2025-06-10-090728-300x269.jpeg 300w\" sizes=\"auto, (max-width: 750px) 100vw, 750px\" \/>   <\/a>\n<\/div>\n\t\t\t\t\t<div class=\"col-padding col-padding-xs\">\n\t\t\t\t\t\t<h3 class=\"post-title space-bottom-small\">\n\t\t\t\t\t\t\t<a href=\"https:\/\/a-reta.org\/index.php\/2025\/06\/10\/rassemblement-bastia-10-juin-a-20-h-prefecture\/\" rel=\"bookmark\">\n\t\t\t\t\t\t\t\tRassemblement BASTIA 10 juin \u00e0 20 h Pr\u00e9fecture.\t\t\t\t\t\t\t<\/a>\n\t\t\t\t\t\t<\/h3>\n\t\t\t\t\t\t\t\t\t\t\t\t<a class=\"read-more link\" href=\"https:\/\/a-reta.org\/index.php\/2025\/06\/10\/rassemblement-bastia-10-juin-a-20-h-prefecture\/\">\n\t\t\t\t\t\t\tRead more\t\t\t\t\t\t<\/a>\n\t\t\t\t\t<\/div>\n\t\t\t\t<\/div>\n\t\t\t<\/div>\n\t\t\t\t\t\t<div id=\"post-610\" class=\"col-sm-6 col-md-3 space-bottom space-bottom-xs\">\n\t\t\t\t<div class=\"post-content card y-move bordered\">\n\t\t\t\t\t<div class=\"post-thumbnail\">\n   <a href=\"https:\/\/a-reta.org\/index.php\/2025\/02\/17\/sulidarita-palestina\/\" class=\"post-list-item-thumb \">\n      <img loading=\"lazy\" decoding=\"async\" width=\"1024\" height=\"1024\" src=\"https:\/\/a-reta.org\/wp-content\/uploads\/2025\/02\/signal-2025-02-01-220536_002-1024x1024.png\" class=\"attachment-post-thumbnail size-post-thumbnail wp-post-image\" alt=\"\" srcset=\"https:\/\/a-reta.org\/wp-content\/uploads\/2025\/02\/signal-2025-02-01-220536_002-1024x1024.png 1024w, https:\/\/a-reta.org\/wp-content\/uploads\/2025\/02\/signal-2025-02-01-220536_002-300x300.png 300w, https:\/\/a-reta.org\/wp-content\/uploads\/2025\/02\/signal-2025-02-01-220536_002-150x150.png 150w, https:\/\/a-reta.org\/wp-content\/uploads\/2025\/02\/signal-2025-02-01-220536_002-768x768.png 768w, https:\/\/a-reta.org\/wp-content\/uploads\/2025\/02\/signal-2025-02-01-220536_002.png 1080w\" sizes=\"auto, (max-width: 1024px) 100vw, 1024px\" \/>   <\/a>\n<\/div>\n\t\t\t\t\t<div class=\"col-padding col-padding-xs\">\n\t\t\t\t\t\t<h3 class=\"post-title space-bottom-small\">\n\t\t\t\t\t\t\t<a href=\"https:\/\/a-reta.org\/index.php\/2025\/02\/17\/sulidarita-palestina\/\" rel=\"bookmark\">\n\t\t\t\t\t\t\t\tSulidarit\u00e0 Palestina\t\t\t\t\t\t\t<\/a>\n\t\t\t\t\t\t<\/h3>\n\t\t\t\t\t\t<p>22 di ferraghju Turneu di ball\u00f2 Stadiu Erbalonga<\/p>\n\t\t\t\t\t\t<a class=\"read-more link\" href=\"https:\/\/a-reta.org\/index.php\/2025\/02\/17\/sulidarita-palestina\/\">\n\t\t\t\t\t\t\tRead more\t\t\t\t\t\t<\/a>\n\t\t\t\t\t<\/div>\n\t\t\t\t<\/div>\n\t\t\t<\/div>\n\t\t\t\t\t\t<div id=\"post-605\" class=\"col-sm-6 col-md-3 space-bottom space-bottom-xs\">\n\t\t\t\t<div class=\"post-content card y-move bordered\">\n\t\t\t\t\t<div class=\"post-thumbnail\">\n   <a href=\"https:\/\/a-reta.org\/index.php\/2024\/09\/23\/retour-a-la-realite-pour-les-militants-fascistes\/\" class=\"post-list-item-thumb \">\n      <img loading=\"lazy\" decoding=\"async\" width=\"1024\" height=\"1024\" src=\"https:\/\/a-reta.org\/wp-content\/uploads\/2024\/09\/TweetSOS-1024x1024.jpg\" class=\"attachment-post-thumbnail size-post-thumbnail wp-post-image\" alt=\"\" srcset=\"https:\/\/a-reta.org\/wp-content\/uploads\/2024\/09\/TweetSOS-1024x1024.jpg 1024w, https:\/\/a-reta.org\/wp-content\/uploads\/2024\/09\/TweetSOS-300x300.jpg 300w, https:\/\/a-reta.org\/wp-content\/uploads\/2024\/09\/TweetSOS-150x150.jpg 150w, https:\/\/a-reta.org\/wp-content\/uploads\/2024\/09\/TweetSOS-768x768.jpg 768w, https:\/\/a-reta.org\/wp-content\/uploads\/2024\/09\/TweetSOS-1080x1080.jpg 1080w, https:\/\/a-reta.org\/wp-content\/uploads\/2024\/09\/TweetSOS.jpg 1250w\" sizes=\"auto, (max-width: 1024px) 100vw, 1024px\" \/>   <\/a>\n<\/div>\n\t\t\t\t\t<div class=\"col-padding col-padding-xs\">\n\t\t\t\t\t\t<h3 class=\"post-title space-bottom-small\">\n\t\t\t\t\t\t\t<a href=\"https:\/\/a-reta.org\/index.php\/2024\/09\/23\/retour-a-la-realite-pour-les-militants-fascistes\/\" rel=\"bookmark\">\n\t\t\t\t\t\t\t\tRetour \u00e0 la r\u00e9alit\u00e9 pour les militants fascistes !\t\t\t\t\t\t\t<\/a>\n\t\t\t\t\t\t<\/h3>\n\t\t\t\t\t\t\t\t\t\t\t\t<a class=\"read-more link\" href=\"https:\/\/a-reta.org\/index.php\/2024\/09\/23\/retour-a-la-realite-pour-les-militants-fascistes\/\">\n\t\t\t\t\t\t\tRead more\t\t\t\t\t\t<\/a>\n\t\t\t\t\t<\/div>\n\t\t\t\t<\/div>\n\t\t\t<\/div>\n\t\t\t\t\t\t<div id=\"post-602\" class=\"col-sm-6 col-md-3 space-bottom space-bottom-xs\">\n\t\t\t\t<div class=\"post-content card y-move bordered\">\n\t\t\t\t\t<div class=\"post-thumbnail\">\n   <a href=\"https:\/\/a-reta.org\/index.php\/2024\/09\/22\/bastia-lundi-23-septembre-app-18-h-cinema-le-regent-appel-au-contre-rassemblement\/\" class=\"post-list-item-thumb \">\n      <img loading=\"lazy\" decoding=\"async\" width=\"1024\" height=\"862\" src=\"https:\/\/a-reta.org\/wp-content\/uploads\/2023\/02\/JPas2001_revolt_riot_revolution_cycle_red_black_no_human_revolu_02117175-a781-4189-974f-564b28a47f68-e1675630869403.png\" class=\"attachment-post-thumbnail size-post-thumbnail wp-post-image\" alt=\"\" srcset=\"https:\/\/a-reta.org\/wp-content\/uploads\/2023\/02\/JPas2001_revolt_riot_revolution_cycle_red_black_no_human_revolu_02117175-a781-4189-974f-564b28a47f68-e1675630869403.png 1024w, https:\/\/a-reta.org\/wp-content\/uploads\/2023\/02\/JPas2001_revolt_riot_revolution_cycle_red_black_no_human_revolu_02117175-a781-4189-974f-564b28a47f68-e1675630869403-300x253.png 300w, https:\/\/a-reta.org\/wp-content\/uploads\/2023\/02\/JPas2001_revolt_riot_revolution_cycle_red_black_no_human_revolu_02117175-a781-4189-974f-564b28a47f68-e1675630869403-768x647.png 768w\" sizes=\"auto, (max-width: 1024px) 100vw, 1024px\" \/>   <\/a>\n<\/div>\n\t\t\t\t\t<div class=\"col-padding col-padding-xs\">\n\t\t\t\t\t\t<h3 class=\"post-title space-bottom-small\">\n\t\t\t\t\t\t\t<a href=\"https:\/\/a-reta.org\/index.php\/2024\/09\/22\/bastia-lundi-23-septembre-app-18-h-cinema-le-regent-appel-au-contre-rassemblement\/\" rel=\"bookmark\">\n\t\t\t\t\t\t\t\tBASTIA : Lundi 23 septembre APP 18 H Cin\u00e9ma Le R\u00e9gent APPEL au Contre-rassemblement\t\t\t\t\t\t\t<\/a>\n\t\t\t\t\t\t<\/h3>\n\t\t\t\t\t\t\t\t\t\t\t\t<a class=\"read-more link\" href=\"https:\/\/a-reta.org\/index.php\/2024\/09\/22\/bastia-lundi-23-septembre-app-18-h-cinema-le-regent-appel-au-contre-rassemblement\/\">\n\t\t\t\t\t\t\tRead more\t\t\t\t\t\t<\/a>\n\t\t\t\t\t<\/div>\n\t\t\t\t<\/div>\n\t\t\t<\/div>\n\t\t\t\t\t\t<div id=\"post-595\" class=\"col-sm-6 col-md-3 space-bottom space-bottom-xs\">\n\t\t\t\t<div class=\"post-content card y-move bordered\">\n\t\t\t\t\t<div class=\"post-thumbnail\">\n   <a href=\"https:\/\/a-reta.org\/index.php\/2024\/07\/06\/sulidarita-cu-u-populu-kanak\/\" class=\"post-list-item-thumb \">\n      <img loading=\"lazy\" decoding=\"async\" width=\"600\" height=\"300\" src=\"https:\/\/a-reta.org\/wp-content\/uploads\/2024\/07\/Flag_of_FLNKS.svg\" class=\"attachment-post-thumbnail size-post-thumbnail wp-post-image\" alt=\"\" \/>   <\/a>\n<\/div>\n\t\t\t\t\t<div class=\"col-padding col-padding-xs\">\n\t\t\t\t\t\t<h3 class=\"post-title space-bottom-small\">\n\t\t\t\t\t\t\t<a href=\"https:\/\/a-reta.org\/index.php\/2024\/07\/06\/sulidarita-cu-u-populu-kanak\/\" rel=\"bookmark\">\n\t\t\t\t\t\t\t\tSULIDARIT\u00c0 C\u00d9 U POPULU KANAK !\t\t\t\t\t\t\t<\/a>\n\t\t\t\t\t\t<\/h3>\n\t\t\t\t\t\t\t\t\t\t\t\t<a class=\"read-more link\" href=\"https:\/\/a-reta.org\/index.php\/2024\/07\/06\/sulidarita-cu-u-populu-kanak\/\">\n\t\t\t\t\t\t\tRead more\t\t\t\t\t\t<\/a>\n\t\t\t\t\t<\/div>\n\t\t\t\t<\/div>\n\t\t\t<\/div>\n\t\t\t\t\t\t<div id=\"post-590\" class=\"col-sm-6 col-md-3 space-bottom space-bottom-xs\">\n\t\t\t\t<div class=\"post-content card y-move bordered\">\n\t\t\t\t\t<div class=\"post-thumbnail\">\n   <a href=\"https:\/\/a-reta.org\/index.php\/2024\/07\/04\/appel-a-rejoindre-les-rassemblements-contre-lextreme-droite\/\" class=\"post-list-item-thumb \">\n      <img loading=\"lazy\" decoding=\"async\" width=\"1024\" height=\"862\" src=\"https:\/\/a-reta.org\/wp-content\/uploads\/2023\/02\/JPas2001_revolt_riot_revolution_cycle_red_black_no_human_revolu_02117175-a781-4189-974f-564b28a47f68-e1675630869403.png\" class=\"attachment-post-thumbnail size-post-thumbnail wp-post-image\" alt=\"\" srcset=\"https:\/\/a-reta.org\/wp-content\/uploads\/2023\/02\/JPas2001_revolt_riot_revolution_cycle_red_black_no_human_revolu_02117175-a781-4189-974f-564b28a47f68-e1675630869403.png 1024w, https:\/\/a-reta.org\/wp-content\/uploads\/2023\/02\/JPas2001_revolt_riot_revolution_cycle_red_black_no_human_revolu_02117175-a781-4189-974f-564b28a47f68-e1675630869403-300x253.png 300w, https:\/\/a-reta.org\/wp-content\/uploads\/2023\/02\/JPas2001_revolt_riot_revolution_cycle_red_black_no_human_revolu_02117175-a781-4189-974f-564b28a47f68-e1675630869403-768x647.png 768w\" sizes=\"auto, (max-width: 1024px) 100vw, 1024px\" \/>   <\/a>\n<\/div>\n\t\t\t\t\t<div class=\"col-padding col-padding-xs\">\n\t\t\t\t\t\t<h3 class=\"post-title space-bottom-small\">\n\t\t\t\t\t\t\t<a href=\"https:\/\/a-reta.org\/index.php\/2024\/07\/04\/appel-a-rejoindre-les-rassemblements-contre-lextreme-droite\/\" rel=\"bookmark\">\n\t\t\t\t\t\t\t\tAppel \u00e0 rejoindre les rassemblements contre l&#8217;extr\u00eame droite\t\t\t\t\t\t\t<\/a>\n\t\t\t\t\t\t<\/h3>\n\t\t\t\t\t\t\t\t\t\t\t\t<a class=\"read-more link\" href=\"https:\/\/a-reta.org\/index.php\/2024\/07\/04\/appel-a-rejoindre-les-rassemblements-contre-lextreme-droite\/\">\n\t\t\t\t\t\t\tRead more\t\t\t\t\t\t<\/a>\n\t\t\t\t\t<\/div>\n\t\t\t\t<\/div>\n\t\t\t<\/div>\n\t\t\t\t\t\t<div id=\"post-565\" class=\"col-sm-6 col-md-3 space-bottom space-bottom-xs\">\n\t\t\t\t<div class=\"post-content card y-move bordered\">\n\t\t\t\t\t<div class=\"post-thumbnail\">\n   <a href=\"https:\/\/a-reta.org\/index.php\/2023\/07\/07\/insoumissions-et-rebellions-filles-de-la-revolution\/\" class=\"post-list-item-thumb \">\n      <img loading=\"lazy\" decoding=\"async\" width=\"1024\" height=\"862\" src=\"https:\/\/a-reta.org\/wp-content\/uploads\/2023\/02\/JPas2001_revolt_riot_revolution_cycle_red_black_no_human_revolu_02117175-a781-4189-974f-564b28a47f68-e1675630869403.png\" class=\"attachment-post-thumbnail size-post-thumbnail wp-post-image\" alt=\"\" srcset=\"https:\/\/a-reta.org\/wp-content\/uploads\/2023\/02\/JPas2001_revolt_riot_revolution_cycle_red_black_no_human_revolu_02117175-a781-4189-974f-564b28a47f68-e1675630869403.png 1024w, https:\/\/a-reta.org\/wp-content\/uploads\/2023\/02\/JPas2001_revolt_riot_revolution_cycle_red_black_no_human_revolu_02117175-a781-4189-974f-564b28a47f68-e1675630869403-300x253.png 300w, https:\/\/a-reta.org\/wp-content\/uploads\/2023\/02\/JPas2001_revolt_riot_revolution_cycle_red_black_no_human_revolu_02117175-a781-4189-974f-564b28a47f68-e1675630869403-768x647.png 768w\" sizes=\"auto, (max-width: 1024px) 100vw, 1024px\" \/>   <\/a>\n<\/div>\n\t\t\t\t\t<div class=\"col-padding col-padding-xs\">\n\t\t\t\t\t\t<h3 class=\"post-title space-bottom-small\">\n\t\t\t\t\t\t\t<a href=\"https:\/\/a-reta.org\/index.php\/2023\/07\/07\/insoumissions-et-rebellions-filles-de-la-revolution\/\" rel=\"bookmark\">\n\t\t\t\t\t\t\t\tInsoumissions et r\u00e9bellions, filles de la R\u00e9volution\t\t\t\t\t\t\t<\/a>\n\t\t\t\t\t\t<\/h3>\n\t\t\t\t\t\t\t\t\t\t\t\t<a class=\"read-more link\" href=\"https:\/\/a-reta.org\/index.php\/2023\/07\/07\/insoumissions-et-rebellions-filles-de-la-revolution\/\">\n\t\t\t\t\t\t\tRead more\t\t\t\t\t\t<\/a>\n\t\t\t\t\t<\/div>\n\t\t\t\t<\/div>\n\t\t\t<\/div>\n\t\t\t\t\t\t<div id=\"post-538\" class=\"col-sm-6 col-md-3 space-bottom space-bottom-xs\">\n\t\t\t\t<div class=\"post-content card y-move bordered\">\n\t\t\t\t\t<div class=\"post-thumbnail\">\n   <a href=\"https:\/\/a-reta.org\/index.php\/2023\/06\/06\/debout-et-mobilise-e-s-dans-les-rues-bastiaises\/\" class=\"post-list-item-thumb \">\n      <img loading=\"lazy\" decoding=\"async\" width=\"1024\" height=\"768\" src=\"https:\/\/a-reta.org\/wp-content\/uploads\/2023\/06\/signal-2023-06-06-150154_003-1024x768.jpeg\" class=\"attachment-post-thumbnail size-post-thumbnail wp-post-image\" alt=\"\" srcset=\"https:\/\/a-reta.org\/wp-content\/uploads\/2023\/06\/signal-2023-06-06-150154_003-1024x768.jpeg 1024w, https:\/\/a-reta.org\/wp-content\/uploads\/2023\/06\/signal-2023-06-06-150154_003-300x225.jpeg 300w, https:\/\/a-reta.org\/wp-content\/uploads\/2023\/06\/signal-2023-06-06-150154_003-768x576.jpeg 768w, https:\/\/a-reta.org\/wp-content\/uploads\/2023\/06\/signal-2023-06-06-150154_003.jpeg 1080w\" sizes=\"auto, (max-width: 1024px) 100vw, 1024px\" \/>   <\/a>\n<\/div>\n\t\t\t\t\t<div class=\"col-padding col-padding-xs\">\n\t\t\t\t\t\t<h3 class=\"post-title space-bottom-small\">\n\t\t\t\t\t\t\t<a href=\"https:\/\/a-reta.org\/index.php\/2023\/06\/06\/debout-et-mobilise-e-s-dans-les-rues-bastiaises\/\" rel=\"bookmark\">\n\t\t\t\t\t\t\t\tDebout et mobilis\u00e9.e.s dans les rues bastiaises !\t\t\t\t\t\t\t<\/a>\n\t\t\t\t\t\t<\/h3>\n\t\t\t\t\t\t<p>Comme \u00e0 chaque rendez-vous depuis le 19 janvier, les militant.e.s d&#8217;A RETA SUCIALISIMU O BARBARIA se sont mobilis\u00e9.e.s dans le cadre du mouvement social contre l&#8217;indigne r\u00e9forme des retraites. Venant[&hellip;]<\/p>\n\t\t\t\t\t\t<a class=\"read-more link\" href=\"https:\/\/a-reta.org\/index.php\/2023\/06\/06\/debout-et-mobilise-e-s-dans-les-rues-bastiaises\/\">\n\t\t\t\t\t\t\tRead more\t\t\t\t\t\t<\/a>\n\t\t\t\t\t<\/div>\n\t\t\t\t<\/div>\n\t\t\t<\/div>\n\t\t\t\t<\/div>\n\t<\/div><\/div> <div  class=\"row\"><div  class=\"text-center\"> <a  class=\"button color1 round\" data-attr-shortcode=\"href:mesmerize_blog_link\" href=\"https:\/\/a-reta.org\/index.php\/blog\/\" data-icon=\"\">Toutes les actus<\/a><\/div> <\/div><\/div><div  class=\"section-separator-bottom\">\n    <svg  xmlns=\"http:\/\/www.w3.org\/2000\/svg\" viewBox=\"0 0 2600 131.1\" preserveAspectRatio=\"none\" data-separator-name=\"opacity-tilt\" class=\"section-separator-top section-separator-bottom\">\n\t<path  class=\"svg-white-bg\" d=\"M0 0L2600 0 2600 69.1 0 0z\"><\/path>\n\t<path  class=\"svg-white-bg\" style=\"opacity: 0.5;\" d=\"M0 0L2600 0 2600 69.1 0 69.1z\"><\/path>\n\t<path  class=\"svg-white-bg\" style=\"opacity: 0.25;\" d=\"M2600 0L0 0 0 130.1 2600 69.1z\"><\/path>\n<\/svg>\n<\/div><\/div>","protected":false},"excerpt":{"rendered":"<p>QUI SOMMES-NOUS\u202f? LA CHARTE ATELIERS ET FORMATIONS \ufeffREJOIGNEZ-NOUS \ufeffNOS PODCASTS FACEBOOK INSTAGRAM&nbsp; YOUTUBE\ufeff Les Derniers Billets et Actus Toutes les actus<\/p>\n","protected":false},"author":1,"featured_media":0,"parent":0,"menu_order":0,"comment_status":"closed","ping_status":"closed","template":"page-templates\/homepage.php","meta":{"_themeisle_gutenberg_block_has_review":false,"cybocfi_hide_featured_image":"","footnotes":""},"class_list":["post-6","page","type-page","status-publish","hentry"],"_links":{"self":[{"href":"https:\/\/a-reta.org\/index.php\/wp-json\/wp\/v2\/pages\/6","targetHints":{"allow":["GET"]}}],"collection":[{"href":"https:\/\/a-reta.org\/index.php\/wp-json\/wp\/v2\/pages"}],"about":[{"href":"https:\/\/a-reta.org\/index.php\/wp-json\/wp\/v2\/types\/page"}],"author":[{"embeddable":true,"href":"https:\/\/a-reta.org\/index.php\/wp-json\/wp\/v2\/users\/1"}],"replies":[{"embeddable":true,"href":"https:\/\/a-reta.org\/index.php\/wp-json\/wp\/v2\/comments?post=6"}],"version-history":[{"count":79,"href":"https:\/\/a-reta.org\/index.php\/wp-json\/wp\/v2\/pages\/6\/revisions"}],"predecessor-version":[{"id":584,"href":"https:\/\/a-reta.org\/index.php\/wp-json\/wp\/v2\/pages\/6\/revisions\/584"}],"wp:attachment":[{"href":"https:\/\/a-reta.org\/index.php\/wp-json\/wp\/v2\/media?parent=6"}],"curies":[{"name":"wp","href":"https:\/\/api.w.org\/{rel}","templated":true}]}}